 prime number?
True
Is 66344801 a composite number?
True
Is 52692371 composite?
False
Is 43760617 prime?
True
Is 6976421 a prime number?
True
Is 9720247 composite?
False
Is 17115467 a prime number?
True
Is 618992177 a prime number?
False
Is 152365949 composite?
False
Is 1366763 a prime number?
True
Is 44750159 a composite number?
True
Is 74042131 a prime number?
False
Is 5768317 composite?
False
Is 370802 a prime number?
False
Is 1557499 composite?
False
Is 19864321 prime?
False
Is 465400999 composite?
True
Is 29880583 a composite number?
True
Is 691489 a prime number?
True
Is 11306567 composite?
True
Is 2655563 a prime number?
True
Is 19851329 composite?
True
Is 176422 a prime number?
False
Is 50990213 prime?
False
Is 23054667 a prime number?
False
Is 1977061 a prime number?
False
Is 2773153 composite?
False
Is 25564507 a composite number?
False
Is 82123 a composite number?
True
Is 6248393 composite?
True
Is 819761 composite?
False
Is 141403457 a prime number?
False
Is 2587337 a prime number?
True
Is 1871767 a prime number?
False
Is 123187607 a composite number?
True
Is 87843829 composite?
True
Is 77106487 composite?
True
Is 100346459 prime?
False
Is 8802601 a prime number?
False
Is 4983283 prime?
True
Is 941351 a composite number?
False
Is 20950415 a prime number?
False
Is 979471 a composite number?
False
Is 4287649 a composite number?
True
Is 31319357 a composite number?
True
Is 32052005 composite?
True
Is 2509397 a composite number?
True
Is 2273651 prime?
True
Is 9691931 a prime number?
True
Is 127352207 composite?
False
Is 107429785 prime?
False
Is 35143167 a prime number?
False
Is 95254807 a prime number?
False
Is 4342991 a prime number?
True
Is 9582071 a composite number?
True
Is 31896041 composite?
True
Is 15555847 prime?
True
Is 74012801 a prime number?
False
Is 7036797 composite?
True
Is 58923143 a prime number?
False
Is 228693 a composite number?
True
Is 111937 composite?
True
Is 27546843 prime?
False
Is 573508751 a composite number?
False
Is 7882493 a prime number?
False
Is 11086833 a composite number?
True
Is 34804013 prime?
False
Is 42439534 prime?
False
Is 233707247 a composite number?
False
Is 1126963 a prime number?
True
Is 4974779 a prime number?
True
Is 26641 prime?
True
Is 1892141 composite?
True
Is 9210437 prime?
True
Is 162169193 prime?
True
Is 28597539 a composite number?
True
Is 827185 a prime number?
False
Is 1661431 a prime number?
True
Is 1300441 a prime number?
False
Is 6245647 composite?
True
Is 44234609 a prime number?
True
Is 22274797 prime?
True
Is 48493565 a composite number?
True
Is 42360961 a prime number?
True
Is 501199 prime?
False
Is 33252113 prime?
False
Is 4756121 composite?
False
Is 37267187 a prime number?
False
Is 4764131 composite?
True
Is 2294263 a prime number?
False
Is 13903899 composite?
True
Is 782487799 a prime number?
True
Is 1855031 a composite number?
False
Is 159514 a prime number?
False
Is 21392603 prime?
True
Is 2456687 prime?
False
Is 5555321 composite?
False
Is 308109457 a prime number?
False
Is 6733763 prime?
False
Is 214046017 composite?
False
Is 7355567 a prime number?
False
Is 93065003 composite?
False
Is 28308821 a prime number?
True
Is 58547567 prime?
False
Is 22771 a composite number?
True
Is 283085533 a composite number?
False
Is 7250549 a prime number?
False
Is 74845 prime?
False
Is 174654797 composite?
True
Is 39119851 a composite number?
False
Is 2199319 composite?
True
Is 156950977 composite?
True
Is 1711703 a prime number?
False
Is 364979 composite?
False
Is 9958681 a composite number?
False
Is 1275911935 composite?
True
Is 89567111 composite?
True
Is 2169817 a prime number?
False
Is 48566653 prime?
False
Is 75074245 a composite number?
True
Is 97763 composite?
True
Is 7750931 a prime number?
False
Is 15301427 composite?
True
Is 3611638 a composite number?
True
Is 7508749 a composite number?
False
Is 6016807 prime?
False
Is 177379 prime?
True
Is 3022027 a composite number?
False
Is 98705107 a composite number?
False
Is 106937 a composite number?
False
Is 2350843 a composite number?
True
Is 710776019 composite?
True
Is 52800809 composite?
False
Is 95882297 composite?
True
Is 569059 composite?
True
Is 381685273 composite?
True
Is 13020893 a composite number?
False
Is 28145791 a prime number?
True
Is 24446779 composite?
True
Is 58747211 a composite number?
False
Is 1717217 a prime number?
True
Is 48697651 prime?
False
Is 99497 composite?
False
Is 92405587 composite?
True
Is 31843837 composite?
True
Is 13232651 composite?
False
Is 20020093 a composite number?
False
Is 17111651 composite?
False
Is 64609541 a prime number?
True
Is 12991603 composite?
False
Is 623812763 composite?
True
Is 10299973 composite?
False
Is 6462541 a prime number?
True
Is 227583605 prime?
False
Is 564554279 prime?
True
Is 529709 a prime number?
True
Is 50299331 prime?
True
Is 371897 a prime number?
True
Is 1067945 prime?
False
Is 4257503 prime?
True
Is 1869683 a prime number?
False
Is 51363241 a composite number?
False
Is 515689297 composite?
False
Is 93527281 prime?
False
Is 74099293 a prime number?
False
Is 7095895 a prime number?
False
Is 92998657 prime?
True
Is 135833201 composite?
True
Is 18131411 a composite number?
False
Is 55728479 a composite number?
False
Is 14468501 a composite number?
True
Is 1292755 composite?
True
Is 26246569 prime?
True
Is 111877147 a prime number?
True
Is 7595197 prime?
False
Is 95968933 a prime number?
False
Is 12967349 composite?
True
Is 124804919 composite?
False
Is 1166521 a prime number?
False
Is 4747733 a prime number?
False
Is 16986755 a prime number?
False
Is 2254267 a prime number?
True
Is 106372727 composite?
False
Is 282552637 composite?
False
Is 214740647 a prime number?
False
Is 423271 a prime number?
False
Is 184031 a prime number?
True
Is 94229809 prime?
False
Is 2613757 composite?
False
Is 14937563 prime?
True
Is 11598103 prime?
False
Is 398605603 composite?
True
Is 2635673 prime?
True
Is 909371 composite?
False
Is 6204301 a prime number?
True
Is 7760783 a composite number?
True
Is 9483497 a prime number?
False
Is 39939014 a composite number?
True
Is 364601 a composite number?
False
Is 547079167 a composite number?
True
Is 766804449 prime?
False
Is 75186571 prime?
False
Is 33344147 composite?
False
Is 51014963 composite?
True
Is 6749261 prime?
True
Is 130176217 prime?
True
Is 245471117 prime?
True
Is 484927 composite?
False
Is 29940002 prime?
False
Is 223577 prime?
True
Is 410131 a prime number?
False
Is 302793479 composite?
True
Is 12867577 composite?
False
Is 14446931 composite?
True
Is 95675257 prime?
False
Is 15502381 a composite number?
True
Is 208356469 a prime number?
True
Is 1374959 prime?
False
Is 35284531 a prime number?
True
Is 78613463 prime?
True
Is 734299 a prime number?
False
Is 361770509 a composite number?
True
Is 2542043 composite?
True
Is 16884937 a prime number?
True
Is 73380113 a prime number?
False
Is 16612523 prime?
False
Is 5671466 prime?
False
Is 28209559 prime?
False
Is 716153 composite?
True
Is 22628273 a composite number?
True
Is 3390641 a prime number?
True
Is 29120951 prime?
True
Is 60893089 a composite number?
False
Is 3297353 composite?
False
Is 129492971 a prime number?
True
Is 49790857 prime?
True
Is 8362583 a prime number?
True
Is 15364901 composite?
True
Is 1705907 prime?
False
Is 349792851 a prime number?
False
Is 49359287 composite?
False
Is 879173 composite?
True
Is 1679371 prime?
True
Is 4235159 composite?
True
Is 4198849 a prime number?
False
Is 693377 composite?
True
Is 165503063 prime?
False
Is 690689 a prime number?
True
Is 19251409 a composite number?
False
Is 7757003 a composite number?
True
Is 1612925507 prime?
False
Is 30232159 a prime number?
True
Is 1213892687 prime?
False
Is 1109389 a composite number?
True
Is 18259049 a composite number?
False
Is 31328293 a composite number?
True
Is 45077057 a prime number?
True
Is 485169805 a prime number?
False
Is 176650813 a prime number?
False
Is 183522487 composite?
False
Is 442583 a prime number?
False
Is 916733 composite?
False
Is 19679299 a prime number?
False
Is 6870377 prime?
True
Is 10439087 a prime number?
False
Is 4666433 composite?
False
Is 86507321 a prime number?
False
Is 10291429 composite?
True
Is 6663919 a prime number?
False
Is 47072967 a prime nu